ctors of 843?
3, 281
List the prime factors of 65235.
3, 5, 4349
What are the prime factors of 45170?
2, 5, 4517
List the prime factors of 41951.
7, 13, 461
What are the prime factors of 46051?
46051
What are the prime factors of 53554?
2, 26777
List the prime factors of 1649.
17, 97
What are the prime factors of 293?
293
What are the prime factors of 2717?
11, 13, 19
List the prime factors of 2051.
7, 293
List the prime factors of 8626.
2, 19, 227
List the prime factors of 11043.
3, 409
What are the prime factors of 26450?
2, 5, 23
List the prime factors of 13299.
3, 11, 13, 31
List the prime factors of 2920.
2, 5, 73
List the prime factors of 48496.
2, 7, 433
List the prime factors of 2455.
5, 491
What are the prime factors of 49002?
2, 3, 8167
List the prime factors of 813.
3, 271
What are the prime factors of 496?
2, 31
What are the prime factors of 12549?
3, 47, 89
List the prime factors of 7814.
2, 3907
List the prime factors of 443.
443
What are the prime factors of 19702?
2, 9851
List the prime factors of 4459.
7, 13
What are the prime factors of 32705?
5, 31, 211
List the prime factors of 1767.
3, 19, 31
List the prime factors of 1159.
19, 61
What are the prime factors of 19026?
2, 3, 7, 151
List the prime factors of 979.
11, 89
List the prime factors of 53384.
2, 6673
What are the prime factors of 4938?
2, 3, 823
List the prime factors of 1601.
1601
What are the prime factors of 3090?
2, 3, 5, 103
List the prime factors of 179674.
2, 11, 8167
What are the prime factors of 24025?
5, 31
List the prime factors of 876.
2, 3, 73
What are the prime factors of 920?
2, 5, 23
What are the prime factors of 57255?
3, 5, 11, 347
What are the prime factors of 24082?
2, 12041
List the prime factors of 51762.
2, 3, 8627
What are the prime factors of 1002?
2, 3, 167
What are the prime factors of 2155?
5, 431
List the prime factors of 134.
2, 67
What are the prime factors of 65193?
3, 31, 701
List the prime factors of 779.
19, 41
What are the prime factors of 12959?
12959
List the prime factors of 217.
7, 31
List the prime factors of 856.
2, 107
What are the prime factors of 4476?
2, 3, 373
List the prime factors of 1064.
2, 7, 19
What are the prime factors of 8309?
7, 1187
What are the prime factors of 24034?
2, 61, 197
What are the prime factors of 137453?
137453
List the prime factors of 481.
13, 37
List the prime factors of 15519.
3, 7, 739
List the prime factors of 34.
2, 17
What are the prime factors of 13289?
97, 137
List the prime factors of 529.
23
List the prime factors of 948.
2, 3, 79
List the prime factors of 50216.
2, 6277
What are the prime factors of 394?
2, 197
What are the prime factors of 299?
13, 23
What are the prime factors of 5075?
5, 7, 29
What are the prime factors of 4218?
2, 3, 19, 37
What are the prime factors of 74883?
3, 109, 229
What are the prime factors of 134?
2, 67
List the prime factors of 34425.
3, 5, 17
What are the prime factors of 843?
3, 281
List the prime factors of 17604.
2, 3, 163
What are the prime factors of 12400?
2, 5, 31
What are the prime factors of 546?
2, 3, 7, 13
List the prime factors of 436.
2, 109
List the prime factors of 62478.
2, 3, 13, 89
List the prime factors of 458.
2, 229
List the prime factors of 3195.
3, 5, 71
List the prime factors of 861.
3, 7, 41
List the prime factors of 30182.
2, 15091
List the prime factors of 1695.
3, 5, 113
What are the prime factors of 739?
739
What are the prime factors of 85728?
2, 3, 19, 47
What are the prime factors of 1593?
3, 59
List the prime factors of 23497.
23497
List the prime factors of 30562.
2, 7, 37, 59
List the prime factors of 774.
2, 3, 43
What are the prime factors of 995?
5, 199
List the prime factors of 193083.
3, 11, 5851
List the prime factors of 857.
857
What are the prime factors of 7117?
11, 647
What are the prime factors of 45451?
7, 43, 151
List the prime factors of 74.
2, 37
What are the prime factors of 19305?
3, 5, 11, 13
What are the prime factors of 1141?
7, 163
What are the prime factors of 613?
613
What are the prime factors of 17762?
2, 83, 107
List the prime factors of 6074.
2, 3037
What are the prime factors of 56259?
3, 7, 19, 47
List the prime factors of 437.
19, 23
What are the prime factors of 1759?
1759
What are the prime factors of 172028?
2, 29, 1483
List the prime factors of 148.
2, 37
What are the prime factors of 5748?
2, 3, 479
List the prime factors of 8906.
2, 61, 73
List the prime factors of 102.
2, 3, 17
What are the prime factors of 3134?
2, 1567
List the prime factors of 3890.
2, 5, 389
List the prime factors of 25477.
73, 349
What are the prime factors of 1968?
2, 3, 41
What are the prime factors of 237?
3, 79
What are the prime factors of 129615?
3, 5, 8641
List the prime factors of 1569.
3, 523
What are the prime factors of 1792?
2, 7
List the prime factors of 10393.
19, 547
List the prime factors of 74947.
149, 503
What are the prime factors of 40?
2, 5
List the prime factors of 87312.
2, 3, 17, 107
List the prime factors of 7935.
3, 5, 23
What are the prime factors of 756?
2, 3, 7
List the prime factors of 19540.
2, 5, 977
What are the prime factors of 698?
2, 349
List the prime factors of 157597.
11, 14327
List the prime factors of 88609.
88609
What are the prime factors of 8531?
19, 449
What are the prime factors of 4570?
2, 5, 457
List the prime factors of 1509.
3, 503
What are the prime factors of 8351?
7, 1193
List the prime factors of 865.
5, 173
List the prime factors of 18092.
2, 4523
List the prime factors of 49794.
2, 3, 43, 193
What are the prime factors of 22?
2, 11
List the prime factors of 17327.
17327
List the prime factors of 1352.
2, 13
List the prime factors of 12547.
12547
List the prime factors of 8573.
8573
What are the prime factors of 9912?
2, 3, 7, 59
What are the prime factors of 5044?
2, 13, 97
What are the prime factors of 918?
2, 3, 17
List the prime factors of 16894.
2, 8447
List the prime factors of 4080.
2, 3, 5, 17
What are the prime factors of 61289?
167, 367
What are the prime factors of 1568?
2, 7
List the prime factors of 1664.
2, 13
List the prime factors of 149.
149
What are the prime factors of 45024?
2, 3, 7, 67
List the prime factors of 4992.
2, 3, 13
List the prime factors of 525.
3, 5, 7
List the prime factors of 11.
11
List the prime factors of 801.
3, 89
What are the prime factors of 33955?
5, 6791
What are the prime factors of 12388?
2, 19, 163
What are the prime factors of 582?
2, 3, 97
What are the prime factors of 3660?
2, 3, 5, 61
What are the prime factors of 21442?
2, 71, 151
List the prime factors of 3182.
2, 37, 43
List the prime factors of 13329.
3, 1481
List the prime factors of 2441.
2441
What are the prime factors of 973?
7, 139
List the prime factors of 25963.
7, 3709
List the prime factors of 3216.
2, 3, 67
List the prime factors of 23571.
3, 97
List the prime factors of 162.
2, 3
What are the prime factors of 4593?
3, 1531
What are the prime factors of 524?
2, 131
What are the prime factors of 12484?
2, 3121
What are the prime factors of 2745?
3, 5, 61
List the prime factors of 29610.
2, 3, 5, 7, 47
What are the prime factors of 51194?
2, 11, 13, 179
List the prime factors of 1840.
2, 5, 23
List the prime factors of 113351.
7, 16193
What are the prime factors of 5935?
5, 1187
List the prime factors of 9668.
2, 2417
What are the prime factors of 534?
2, 3, 89
What are the prime factors of 5069?
37, 137
List the prime factors of 1150.
2, 5, 23
What are the prime factors of 146?
2, 73
What are the prime factors of 29289?
3, 13, 751
What are the prime factors of 14497?
7, 19, 109
List the prime factors of 11465.
5, 2293
What are the prime factors of 4695?
3, 5, 313
List the prime factors of 118912.
2, 929
What are the prime factors of 1502?
2, 751
List the prime factors of 3114.
2, 3, 173
What are the prime factors of 4111?
4111
What are the prime factors of 29737?
131, 227
What are the prime factors of 7874?
2, 31, 127
What are the prime factors of 292?
2, 73
List the prime factors of 5739.
3, 1913
What are the prime factors of 522?
2, 3, 29
What are the prime factors of 84392?
2, 7, 11, 137
List the prime factors of 121263.
3, 83, 487
What are the prime factors of 685?
5, 137
What are the prime factors of 95235?
3, 5, 7, 907
List the prim